2*q = 3*q + 19, -25 = 5*q. Suppose -i + 9 = 4*y - 2, -3 = -m*y - i. Suppose -y*c = 19 - 255. Is c composite?
False
Let u = -83467 - -170504. Is u prime?
True
Suppose 4*a - r - 35987 = 154445, -5*a + 238055 = -5*r. Is -5 - (45/9 - a) prime?
False
Let f(n) = 2*n + 7. Let q be f(-6). Let d(k) = -49*k**3 + 5*k**2 + 7*k. Let x be d(q). Suppose x = -g + 6*g. Is g a prime number?
False
Suppose u - 38*g = -39*g + 116227, 3*g = 3*u - 348717. Is u a composite number?
True
Suppose 3*r = 4*n + 28, 0*n + 16 = 5*r + n. Let q(s) = s**2 - 6*s + 8. Let j be q(r). Suppose j = -2*p + 1363 + 323. Is p composite?
True
Let m = 726 + 229. Suppose -c = -5*c + 5624. Let o = m + c. Is o prime?
False
Suppose 30137 = 18*z + 131459. Let c be (-25468)/3 + (-2)/3. Let q = z - c. Is q composite?
False
Let c(i) = 3639*i + 65. Let z be -2 - (-3 + (-18)/6). Is c(z) composite?
False
Let f be -32 + (1/7 - (-374)/77). Let k(j) = j**2 + j + 46. Let a be k(0). Let i = f + a. Is i composite?
False
Let p = 263450 - -500661. Is p prime?
True
Suppose q + 3025 = 2*h, -5*h = q - 0*q + 2990. Let t = -1736 - q. Is t composite?
False
Let v be 17*7/4 + (-6)/(-24). Suppose -o = -6*o + v. Is 1114 + (o/9)/(4/6) a prime number?
False
Let s(k) = 209*k**2 + 99*k + 309. Is s(20) prime?
True
Suppose -3*w + 44*u - 46*u = -2058859, -2058819 = -3*w + 3*u. Is w composite?
True
Let m = -24807 - -94221. Suppose 0 = 4*t - 2*u - 88480, -4*t - 4*u + m + 19042 = 0. Is t prime?
False
Suppose 1131*d - 1217*d + 28656490 = 0. Is d composite?
True
Let b = 427381 - 252572. Suppose -26*m + b = 5*m. Is m a composite number?
False
Suppose -8*q = -17*q + 18. Let k be (-2)/(-2)*(2 - (-1 + q)). Is (k/(-3))/(3683/921 + -4) a composite number?
False
Let x = -34 + 37. Suppose 8*o = -x*o + 11. Is ((-5990)/(-40))/(o/28) a prime number?
False
Suppose -11303 = 8*y + 19857. Let x = y + 9452. Is x a composite number?
False
Is 605521 - ((3/4)/3 - (-13299)/4836) a prime number?
False
Let l(a) = 2*a**3 - 2*a**2 - a - 5. Let m be l(4). Is 493/51*(m + 1 + -1) composite?
True
Let m(i) = 130*i**3 - 3*i**2 + 6*i - 132*i**3 + 6 + i. Suppose 0*b + 4 = -b. Is m(b) composite?
True
Suppose 0 = -2*j + 4*w, -12*j - 6 = -14*j - 2*w. Suppose -2150 = -2*m - c, j*c + 4284 = 3*m + m. Is m composite?
True
Suppose 0 = 123*b - 14*b + 102006 - 3659657. Is b a composite number?
True
Let r be 574389/(-2)*(-54)/81. Suppose 5*f = 24*f - r. Is f a prime number?
False
Let n(g) = g**2 - 56*g + 9. Let m be n(-13). Let w = 1325 - m. Is w a composite number?
False
Suppose -81 - 18 = 9*v. Is v/(-2)*(2 - (-9460)/11) prime?
False
Let t(s) = -7*s**2 + 52*s - 6. Let q be t(7). Let i(h) = 216*h + 119. Is i(q) a prime number?
True
Let d(n) = 3*n**2 - 7*n + 4. Let v be d(3). Suppose 0 = v*x - 34 - 16. Let r(t) = t**3 - 3*t**2 + 12*t + 1. Is r(x) a composite number?
True
Let d = 364847 - -105902. Is d prime?
True
Is 360/(-480)*((-1380678)/3 - 2) composite?
True
Let n(b) = 2*b**3 - 7*b**2 - 15*b - 1. Let m be n(-2). Let p(r) = r**2 + 8*r - 4. Let d be p(-8). Is (-2859)/m + d/(-10) composite?
False
Let w(y) = 81*y**3 + 3*y**2 + 17. Let u(n) = 81*n**3 + 3*n**2 + 19. Let h(p) = -5*u(p) + 6*w(p). Is h(3) prime?
True
Suppose 71*a = 72*a - 114033. Is a a prime number?
False
Let w(h) = h**3 + 11*h**2 + 11*h + 17. Let i be (-5)/((-20)/(-24)) - 4. Let a be w(i). Let b(u) = 334*u - 55. Is b(a) a composite number?
True
Let x be -1 - (24 - (4 + -1)). Let m = -18 - x. Suppose -d + 414 = z, -5*z + 2*d - m*d + 2055 = 0. Is z prime?
True
Suppose 85*k + 18963249 = 144*k. Is k a prime number?
False
Let g(x) = -2206*x - 1455. Is g(-37) a composite number?
False
Suppose 31710 = -8*d + 10*d. Suppose 5*k = 4090 + d. Is k prime?
True
Let x = -37158 + 20494. Let h = -11467 - x. Is h a composite number?
False
Let b be (-7 + 5)/(1/(1 - -1)). Is 262/b*-5*(25 - 23) composite?
True
Let g(s) = s**3 + 41*s**2 - 42*s - 100. Let w be g(-41). Suppose 3*u + p - w = 64, -2*u = 5*p - 1111. Is u composite?
False
Let q(i) = -i + 14. Let s = -16 + 32. Let k be q(s). Let g(r) = 435*r**2 + 2*r - 1. Is g(k) composite?
True
Let p = 1774 + 69949. Is p composite?
True
Let z = 61 + -59. Suppose -2*s + b + 2*b + 40 = 0, z = -b. Is 17 - s - 2/((-4)/1262) prime?
True
Is 28464/(-96)*(-115 - 3) a composite number?
True
Suppose -4*h - l + 21 = -2*h, 3*l + 14 = h. Suppose -2*i + 22 = g, -h*i + 16*i + 77 = 3*g. Is 188 - g/16*(-2 + 0) a composite number?
False
Let a = 3566337 + -1900514. Is a prime?
True
Suppose 2*q + 3*d = 1254931, -4*d = 21 - 17. Is q composite?
True
Suppose -2*f - 14 = -0*f. Let n(z) be the second derivative of -z**5/10 - z**4/12 + 3*z**3/2 + 13*z**2/2 + 790*z. Is n(f) a composite number?
False
Let o(m) = 455*m**3 - m + 26. Let v be o(3). Suppose -g + v = 5*y - 1913, -y + 2853 = -2*g. Is y a composite number?
True
Suppose 4*w + u = -29, -2*w + 4*u - 5*u - 17 = 0. Let s(j) = -j**3 + 6*j**2 + 12*j - 40. Let o be s(-3). Is (24/o)/w - (-1218)/10 composite?
True
Suppose j + 1285 = -w + 359, 3*w - 3*j = -2802. Let d = w + 170. Let a = d - -4029. Is a composite?
True
Let k = 1502 + -2293. Let m = -460 - k. Is m a composite number?
False
Suppose -10508 - 23776 = -2*b. Let c = b - 6248. Suppose -5*v = -m - c, 0 = -5*v + 4*m - 1868 + 12759. Is v a composite number?
False
Let o(s) = 24*s + 28. Let z be o(-1). Suppose 0 = -5*y + z*h + 443, 0*y - 4*h = 4*y - 340. Is y a prime number?
False
Let y = -2594004 - -4365017. Is y a prime number?
False
Suppose -59*v = -55*v. Suppose i - 2*g - 8596 = v, i - 2*i + 8590 = g. Suppose -r = n + 2*n - 6455, i = 4*n + 5*r. Is n a prime number?
True
Suppose -5*k + 219 = -3*i, 19 + 110 = 3*k - 3*i. Suppose 51*g - 9258 = k*g. Is g a prime number?
True
Suppose 1158*l = 1167*l - 9. Let j be (-5)/3*(-6)/2. Is l/(-5) - (-746)/j composite?
False
Let l(y) = 2*y + 14. Suppose 67 = 3*r - 4*o, -4 = 5*o + 16. Let v be l(r). Suppose 0 = 3*f - v - 126. Is f a composite number?
True
Is (48330/(-1215))/((-6)/11637) composite?
True
Suppose -4*a + 24 = 0, -a = -2*n + 8017 + 23563. Is n composite?
True
Suppose o + 317 = -3*i - 226, 5*i - 5*o = -925. Let c = i + 2397. Is c prime?
False
Suppose 0 = -3*k + 11 + 4. Suppose k*w + r - 30 = -3*r, 4*w - 28 = -4*r. Suppose -3*x + 2*t = -1409, -4*x + 374 = -w*t - 1502. Is x a prime number?
True
Let a be (-45)/(-27) + (-346960)/24. Is 8/2 - (a - (-4 + 16)) a prime number?
False
Suppose 45*w - 4*w - 43950247 = -48*w. Is w a composite number?
True
Is (1145912/12)/(9*16/216) a prime number?
True
Let o(b) be the second derivative of b**7/210 - 7*b**6/360 + b**5/40 + b**4/24 - 7*b**3/6 - 5*b. Let z(u) be the second derivative of o(u). Is z(6) composite?
False
Suppose -10*n - 3868 = 6892. Let d = 2293 + n. Is d a composite number?
False
Let w(v) = v + 7*v - 89 - 2*v. Suppose 95*k - 1382 = -459 + 1547. Is w(k) a composite number?
False
Is 1183115/5 + -5 + 23 composite?
False
Let x be (-20)/(-100) - 8*(-26)/10. Let r = x - 18. Suppose 4*q + 237 = r*y, 6*y + 4*q - 427 = y. Is y a composite number?
False
Let t = 2670 + 27247. Is t prime?
True
Let y(i) = 33*i**3 + 12*i**2 + 34*i - 11. Let m be y(-5). Let z = -2057 - m. Is z a composite number?
False
Let o(h) be the first derivative of h**3/3 - 17*h**2/2 + 19*h - 18. Let b be o(16). Is b + 2*1701 + (-4)/(-2) prime?
True
Let t(u) = -11281*u - 228. Is t(-11) a prime number?
True
Let b(l) = l**3 - 46*l**2 + 33*l - 281. Is b(67) a composite number?
False
Suppose 211*c - 24999901 = -4780404. Is c a prime number?
False
Let y(c) be the first derivative of 1/4*c**4 + 11*c - 29 + 6*c**3 + 9*c**2. Is y(-16) prime?
False
Suppose 5600 = -19*w + 27*w. Suppose 110945 = 705*n - w*n. Is n prime?
True
Let h = 3019952 - 1848285. Is h a composite number?
True
Let a be -4 - -80 - (8 + -3). Let p(w) = 15 + 3 - w - 23*w**2 - 4*w + a*w**2. Is p(5) prime?
True
Let n(g) = 847*g**3 - 6*g**2 - 53*g - 31. Is n(6) a prime number?
True
Let f be 4 + (-7)/((-14)/6). Let r be (2 - (-5)/(-1)) + -4 + f. Suppose r = -3*b + 395 + 1708. Is b composite?
False
Is (-2*1)/(-2)*(-11 + 152131 + 27) a composite number?
False
Let d(s) = 116*s + 134. Let x be d(-17). Let i = x - -4209. Is i a prime number?
True
Is (4 - 0)*(-41)/738 + 1801462/18 a prime number?
False
Let n = 450 - 453. Is (-9)/36*(-6)/n*-614 a composite number?
False
Suppose 0 = -n + 6*u + 93601, -25*n + 